{"id":204,"date":"2025-09-11T15:07:17","date_gmt":"2025-09-11T13:07:17","guid":{"rendered":"https:\/\/shop.hedolph.com\/?post_type=product&#038;p=204"},"modified":"2025-10-06T17:20:37","modified_gmt":"2025-10-06T15:20:37","slug":"stale-utrzymanie-i-aktualizacje","status":"publish","type":"product","link":"https:\/\/shop.hedolph.com\/?product=stale-utrzymanie-i-aktualizacje","title":{"rendered":"Sta\u0142e utrzymanie i aktualizacje"},"content":{"rendered":"<ol data-start=\"89\" data-end=\"419\">\n<li data-start=\"89\" data-end=\"143\">\n<p data-start=\"92\" data-end=\"143\"><strong data-start=\"92\" data-end=\"108\">Aktualizacje<\/strong> \u2013 systemu CMS, wtyczek, motyw\u00f3w.<\/p>\n<\/li>\n<li data-start=\"144\" data-end=\"214\">\n<p data-start=\"147\" data-end=\"214\"><strong data-start=\"147\" data-end=\"165\">Bezpiecze\u0144stwo<\/strong> \u2013 monitoring, kopie zapasowe, certyfikaty SSL.<\/p>\n<\/li>\n<li data-start=\"215\" data-end=\"278\">\n<p data-start=\"218\" data-end=\"278\"><strong data-start=\"218\" data-end=\"231\">Wydajno\u015b\u0107<\/strong> \u2013 optymalizacja szybko\u015bci i zasob\u00f3w serwera.<\/p>\n<\/li>\n<li data-start=\"279\" data-end=\"357\">\n<p data-start=\"282\" data-end=\"357\"><strong data-start=\"282\" data-end=\"305\">Wsparcie techniczne<\/strong> \u2013 usuwanie bie\u017c\u0105cych b\u0142\u0119d\u00f3w, podstawowe poprawki.<\/p>\n<\/li>\n<\/ol>\n<p data-start=\"421\" data-end=\"446\"><strong data-start=\"421\" data-end=\"444\">Warunki wsp\u00f3\u0142pracy:<\/strong><\/p>\n<ul data-start=\"447\" data-end=\"761\">\n<li data-start=\"520\" data-end=\"605\">\n<p data-start=\"522\" data-end=\"605\">Aktualizacje i poprawki obejmuj\u0105 <strong data-start=\"555\" data-end=\"577\">bie\u017c\u0105ce utrzymanie<\/strong>, a nie przebudow\u0119 strony.<\/p>\n<\/li>\n<li data-start=\"606\" data-end=\"666\">\n<p data-start=\"608\" data-end=\"666\"><strong data-start=\"608\" data-end=\"639\">Wi\u0119ksze zmiany funkcjonalne<\/strong> = osobna wycena\/projekt.<\/p>\n<\/li>\n<li data-start=\"667\" data-end=\"703\">\n<p data-start=\"669\" data-end=\"703\">Umowa na <strong data-start=\"678\" data-end=\"700\">minimum 3 miesi\u0105ce<\/strong>.<\/p>\n<\/li>\n<li data-start=\"704\" data-end=\"761\">\n<p data-start=\"706\" data-end=\"761\">Gwarancja szybkiej reakcji: <strong data-start=\"734\" data-end=\"758\">do 48h od zg\u0142oszenia<\/strong>.<\/p>\n<\/li>\n<\/ul>\n<p>&nbsp;<\/p>\n<p>P\u0142acisz <strong data-start=\"123\" data-end=\"157\">od razu za ca\u0142y wybrany pakiet<\/strong> \u2013 czyli za 3, 6 lub 12 miesi\u0119cy. Dzi\u0119ki temu nie martwisz si\u0119 o comiesi\u0119czne p\u0142atno\u015bci i od razu masz pewno\u015b\u0107, \u017ce Twoja strona lub sklep jest obj\u0119ta pe\u0142nym wsparciem przez ca\u0142y okres pakietu.<\/p>\n","protected":false},"excerpt":{"rendered":"<p><strong data-start=\"188\" data-end=\"223\">Sta\u0142e utrzymanie i aktualizacje<\/strong> \u2013 Twoja strona lub sklep e-commerce zawsze dzia\u0142a bez problem\u00f3w. Regularne aktualizacje, kopie zapasowe i monitoring bezpiecze\u0144stwa, aby\u015b m\u00f3g\u0142 skupi\u0107 si\u0119 na biznesie, a nie na technicznych sprawach.<\/p>\n","protected":false},"featured_media":552,"comment_status":"closed","ping_status":"closed","template":"","meta":{"site-container-style":"default","site-container-layout":"default","site-sidebar-layout":"default","site-transparent-header":"default","disable-article-header":"default","disable-site-header":"default","disable-site-footer":"default","disable-content-area-spacing":"default"},"product_brand":[],"product_cat":[22,18],"product_tag":[],"class_list":{"0":"post-204","1":"product","2":"type-product","3":"status-publish","4":"has-post-thumbnail","6":"product_cat-usluga","7":"product_cat-websitehost","9":"first","10":"instock","11":"shipping-taxable","12":"purchasable","13":"product-type-variable","14":"has-default-attributes"},"_links":{"self":[{"href":"https:\/\/shop.hedolph.com\/index.php?rest_route=\/wp\/v2\/product\/204","targetHints":{"allow":["GET"]}}],"collection":[{"href":"https:\/\/shop.hedolph.com\/index.php?rest_route=\/wp\/v2\/product"}],"about":[{"href":"https:\/\/shop.hedolph.com\/index.php?rest_route=\/wp\/v2\/types\/product"}],"replies":[{"embeddable":true,"href":"https:\/\/shop.hedolph.com\/index.php?rest_route=%2Fwp%2Fv2%2Fcomments&post=204"}],"wp:featuredmedia":[{"embeddable":true,"href":"https:\/\/shop.hedolph.com\/index.php?rest_route=\/wp\/v2\/media\/552"}],"wp:attachment":[{"href":"https:\/\/shop.hedolph.com\/index.php?rest_route=%2Fwp%2Fv2%2Fmedia&parent=204"}],"wp:term":[{"taxonomy":"product_brand","embeddable":true,"href":"https:\/\/shop.hedolph.com\/index.php?rest_route=%2Fwp%2Fv2%2Fproduct_brand&post=204"},{"taxonomy":"product_cat","embeddable":true,"href":"https:\/\/shop.hedolph.com\/index.php?rest_route=%2Fwp%2Fv2%2Fproduct_cat&post=204"},{"taxonomy":"product_tag","embeddable":true,"href":"https:\/\/shop.hedolph.com\/index.php?rest_route=%2Fwp%2Fv2%2Fproduct_tag&post=204"}],"curies":[{"name":"wp","href":"https:\/\/api.w.org\/{rel}","templated":true}]}}