{"id":198,"date":"2025-09-11T15:06:34","date_gmt":"2025-09-11T13:06:34","guid":{"rendered":"https:\/\/shop.hedolph.com\/?post_type=product&#038;p=198"},"modified":"2026-01-12T23:52:29","modified_gmt":"2026-01-12T22:52:29","slug":"naprawa-strony-internetowej","status":"publish","type":"product","link":"https:\/\/shop.hedolph.com\/?product=naprawa-strony-internetowej","title":{"rendered":"Naprawa strony internetowej"},"content":{"rendered":"<p data-start=\"47\" data-end=\"77\"><strong data-start=\"47\" data-end=\"75\">Zakres naprawy obejmuje:<\/strong><\/p>\n<ol data-start=\"78\" data-end=\"487\">\n<li data-start=\"78\" data-end=\"146\">\n<p data-start=\"81\" data-end=\"146\"><strong data-start=\"81\" data-end=\"101\">B\u0142\u0119dy techniczne<\/strong> \u2013 poprawa dzia\u0142ania CMS, wtyczek, motyw\u00f3w.<\/p>\n<\/li>\n<li data-start=\"147\" data-end=\"238\">\n<p data-start=\"150\" data-end=\"238\"><strong data-start=\"150\" data-end=\"166\">Wy\u015bwietlanie<\/strong> \u2013 responsywno\u015b\u0107 (mobile\/desktop), uk\u0142ad strony, problemy z grafikami.<\/p>\n<\/li>\n<li data-start=\"239\" data-end=\"330\">\n<p data-start=\"242\" data-end=\"330\"><strong data-start=\"242\" data-end=\"260\">Bezpiecze\u0144stwo<\/strong> \u2013 aktualizacja systemu, usuwanie z\u0142o\u015bliwego kodu, konfiguracja SSL.<\/p>\n<\/li>\n<li data-start=\"331\" data-end=\"404\">\n<p data-start=\"334\" data-end=\"404\"><strong data-start=\"334\" data-end=\"353\">Funkcjonalno\u015bci<\/strong> \u2013 formularze, linki, menu, koszyki (e-commerce).<\/p>\n<\/li>\n<li data-start=\"405\" data-end=\"487\">\n<p data-start=\"408\" data-end=\"487\"><strong data-start=\"408\" data-end=\"425\">Optymalizacja<\/strong> \u2013 szybko\u015b\u0107 \u0142adowania.<\/p>\n<\/li>\n<\/ol>\n<p data-start=\"489\" data-end=\"514\"><strong data-start=\"489\" data-end=\"512\">Warunki wsp\u00f3\u0142pracy:<\/strong><\/p>\n<ul data-start=\"515\" data-end=\"821\">\n<li data-start=\"515\" data-end=\"601\">\n<p data-start=\"517\" data-end=\"601\">Naprawa obejmuje <strong data-start=\"534\" data-end=\"562\">tylko zg\u0142oszone problemy<\/strong> (lista zaakceptowana przed startem).<\/p>\n<\/li>\n<li data-start=\"602\" data-end=\"668\">\n<p data-start=\"604\" data-end=\"668\">Ka\u017cda naprawa zawiera <strong data-start=\"626\" data-end=\"645\">1 tur\u0119 poprawek<\/strong> w ramach zg\u0142oszenia.<\/p>\n<\/li>\n<li data-start=\"669\" data-end=\"748\">\n<p data-start=\"671\" data-end=\"748\">Dodatkowe zmiany\/\u017cyczenia klienta = <strong data-start=\"707\" data-end=\"726\">nowe zg\u0142oszenie<\/strong>.<\/p>\n<\/li>\n<li data-start=\"749\" data-end=\"821\">\n<p data-start=\"751\" data-end=\"821\">Gwarancja dzia\u0142ania naprawionych element\u00f3w: <strong data-start=\"795\" data-end=\"818\">14 dni od wdro\u017cenia<\/strong>.<\/p>\n<\/li>\n<\/ul>\n<h4>Przebieg wsp\u00f3\u0142pracy:<\/h4>\n<p data-start=\"204\" data-end=\"318\">1\ufe0f\u20e3 <strong data-start=\"208\" data-end=\"231\">Sk\u0142adasz zam\u00f3wienie<\/strong><br data-start=\"231\" data-end=\"234\" \/>Wybierasz us\u0142ug\u0119 naprawy i op\u0142acasz zlecenie. Otrzymujesz potwierdzenie i faktur\u0119.<\/p>\n<p data-start=\"320\" data-end=\"496\">2\ufe0f\u20e3 <strong data-start=\"324\" data-end=\"346\">Kontakt i briefing<\/strong><br data-start=\"346\" data-end=\"349\" \/>Nasz opiekun kontaktuje si\u0119 z Tob\u0105, aby pozna\u0107 szczeg\u00f3\u0142y problemu: opis usterki, dost\u0119p do CMS\/hostingu i ewentualne wcze\u015bniejsze kopie zapasowe.<\/p>\n<p data-start=\"498\" data-end=\"643\">3\ufe0f\u20e3 <strong data-start=\"502\" data-end=\"526\">Diagnostyka problemu<\/strong><br data-start=\"526\" data-end=\"529\" \/>Przeprowadzamy pe\u0142n\u0105 analiz\u0119 strony: b\u0142\u0119dy techniczne, wtyczki, motyw, baza danych, integracje i bezpiecze\u0144stwo.<\/p>\n<p data-start=\"645\" data-end=\"774\">4\ufe0f\u20e3 C<strong data-start=\"649\" data-end=\"677\">zas realizacji<\/strong><br data-start=\"677\" data-end=\"680\" \/>Na podstawie diagnozy informujemy Ci\u0119 o zakresie naprawy oraz przewidywanym czasie wykonania.<\/p>\n<p data-start=\"776\" data-end=\"965\">5\ufe0f\u20e3 <strong data-start=\"780\" data-end=\"799\">Naprawa i testy<\/strong><br data-start=\"799\" data-end=\"802\" \/>Rozwi\u0105zujemy zg\u0142oszone problemy, aktualizujemy potrzebne komponenty, weryfikujemy dzia\u0142anie strony i testujemy funkcje (formularze, sklep, integracje).<\/p>\n<p data-start=\"967\" data-end=\"1114\">6\ufe0f\u20e3 <strong data-start=\"971\" data-end=\"1014\">Przekazanie i weryfikacja przez klienta<\/strong><br data-start=\"1014\" data-end=\"1017\" \/>Po zako\u0144czeniu naprawy otrzymujesz link testowy lub dost\u0119p do strony, aby zatwierdzi\u0107 poprawki.<\/p>\n<p data-start=\"1116\" data-end=\"1238\">7\ufe0f\u20e3 <strong data-start=\"1120\" data-end=\"1146\">Wsparcie powdro\u017ceniowe<\/strong><br data-start=\"1146\" data-end=\"1149\" \/>Przez kilka dni po naprawie oferujemy wsparcie w razie dodatkowych problem\u00f3w lub pyta\u0144.<\/p>\n<p data-start=\"1116\" data-end=\"1238\"><em>Po wst\u0119pnej analizie kontaktujemy si\u0119 z Tob\u0105, aby potwierdzi\u0107 zakres i przewidywany czas naprawy.<br data-start=\"229\" data-end=\"232\" \/>Orientacyjnie ca\u0142y proces \u2014 od diagnozy po wdro\u017cenie poprawek \u2014 trwa <strong data-start=\"301\" data-end=\"328\">od 1 do 14 dni roboczych<\/strong>.<\/em><\/p>\n","protected":false},"excerpt":{"rendered":"<p>Twoja strona nie dzia\u0142a tak, jak powinna? Zg\u0142o\u015b problem, a my zajmiemy si\u0119 reszt\u0105 \u2014 diagnozujemy, naprawiamy i przywracamy pe\u0142n\u0105 sprawno\u015b\u0107 Twojej witryny w kr\u00f3tkim czasie.<\/p>\n","protected":false},"featured_media":553,"comment_status":"open","ping_status":"closed","template":"","meta":{"site-container-style":"default","site-container-layout":"default","site-sidebar-layout":"default","site-transparent-header":"default","disable-article-header":"default","disable-site-header":"default","disable-site-footer":"default","disable-content-area-spacing":"default"},"product_brand":[],"product_cat":[22,18],"product_tag":[],"class_list":{"0":"post-198","1":"product","2":"type-product","3":"status-publish","4":"has-post-thumbnail","6":"product_cat-usluga","7":"product_cat-websitehost","9":"first","10":"instock","11":"shipping-taxable","12":"purchasable","13":"product-type-variable"},"_links":{"self":[{"href":"https:\/\/shop.hedolph.com\/index.php?rest_route=\/wp\/v2\/product\/198","targetHints":{"allow":["GET"]}}],"collection":[{"href":"https:\/\/shop.hedolph.com\/index.php?rest_route=\/wp\/v2\/product"}],"about":[{"href":"https:\/\/shop.hedolph.com\/index.php?rest_route=\/wp\/v2\/types\/product"}],"replies":[{"embeddable":true,"href":"https:\/\/shop.hedolph.com\/index.php?rest_route=%2Fwp%2Fv2%2Fcomments&post=198"}],"wp:featuredmedia":[{"embeddable":true,"href":"https:\/\/shop.hedolph.com\/index.php?rest_route=\/wp\/v2\/media\/553"}],"wp:attachment":[{"href":"https:\/\/shop.hedolph.com\/index.php?rest_route=%2Fwp%2Fv2%2Fmedia&parent=198"}],"wp:term":[{"taxonomy":"product_brand","embeddable":true,"href":"https:\/\/shop.hedolph.com\/index.php?rest_route=%2Fwp%2Fv2%2Fproduct_brand&post=198"},{"taxonomy":"product_cat","embeddable":true,"href":"https:\/\/shop.hedolph.com\/index.php?rest_route=%2Fwp%2Fv2%2Fproduct_cat&post=198"},{"taxonomy":"product_tag","embeddable":true,"href":"https:\/\/shop.hedolph.com\/index.php?rest_route=%2Fwp%2Fv2%2Fproduct_tag&post=198"}],"curies":[{"name":"wp","href":"https:\/\/api.w.org\/{rel}","templated":true}]}}