{"id":193,"date":"2025-09-09T13:00:23","date_gmt":"2025-09-09T11:00:23","guid":{"rendered":"https:\/\/shop.hedolph.com\/?post_type=product&#038;p=193"},"modified":"2025-09-30T13:24:14","modified_gmt":"2025-09-30T11:24:14","slug":"devtest-website","status":"publish","type":"product","link":"https:\/\/shop.hedolph.com\/?product=devtest-website","title":{"rendered":"Test&#038;Admin Website \u2013 strona pod klucz"},"content":{"rendered":"<ol data-start=\"260\" data-end=\"794\">\n<li data-start=\"260\" data-end=\"363\">\n<p data-start=\"263\" data-end=\"363\"><strong data-start=\"263\" data-end=\"292\">Gotowa strona internetowa<\/strong> \u2013 w pe\u0142ni skonfigurowana, responsywna i od razu gotowa do dzia\u0142ania.<\/p>\n<\/li>\n<li data-start=\"364\" data-end=\"469\">\n<p data-start=\"367\" data-end=\"469\"><strong data-start=\"367\" data-end=\"395\">Unikalne tre\u015bci startowe<\/strong> \u2013 ju\u017c wdro\u017cone na stronie (mo\u017cesz je zostawi\u0107 lub podmieni\u0107 na w\u0142asne).<\/p>\n<\/li>\n<li data-start=\"470\" data-end=\"548\">\n<p data-start=\"473\" data-end=\"548\"><strong data-start=\"473\" data-end=\"491\">1 rok hostingu<\/strong> \u2013 szybki i bezpieczny serwer w naszej infrastrukturze.<\/p>\n<\/li>\n<li data-start=\"549\" data-end=\"621\">\n<p data-start=\"552\" data-end=\"621\"><strong data-start=\"552\" data-end=\"578\">Certyfikat SSL (1 rok)<\/strong> \u2013 aktywne zabezpieczenie strony (https).<\/p>\n<\/li>\n<li data-start=\"622\" data-end=\"708\">\n<p data-start=\"625\" data-end=\"708\"><strong data-start=\"625\" data-end=\"657\">Pe\u0142en dost\u0119p administracyjny<\/strong> \u2013 loginy i has\u0142a do strony oraz panelu hostingu.<\/p>\n<\/li>\n<li data-start=\"709\" data-end=\"794\">\n<p data-start=\"712\" data-end=\"794\"><strong data-start=\"712\" data-end=\"729\">Testy jako\u015bci<\/strong> \u2013 sprawdzona funkcjonalno\u015b\u0107: formularze, menu, wersja mobilna.<\/p>\n<\/li>\n<\/ol>\n<p data-start=\"796\" data-end=\"819\"><strong data-start=\"796\" data-end=\"817\">Warunki produktu:<\/strong><\/p>\n<ul data-start=\"820\" data-end=\"1138\">\n<li data-start=\"820\" data-end=\"904\">\n<p data-start=\"822\" data-end=\"904\">Cena obejmuje <strong data-start=\"836\" data-end=\"868\">jednorazowe wdro\u017cenie strony<\/strong> + <strong data-start=\"871\" data-end=\"901\">12 miesi\u0119cy hostingu i SSL<\/strong>.<\/p>\n<\/li>\n<li data-start=\"905\" data-end=\"999\">\n<p data-start=\"907\" data-end=\"999\">Po roku mo\u017cliwo\u015b\u0107 <strong data-start=\"925\" data-end=\"956\">przed\u0142u\u017cenia hostingu i SSL<\/strong> lub przeniesienia strony na inny serwer.<\/p>\n<\/li>\n<li data-start=\"1000\" data-end=\"1082\">\n<p data-start=\"1002\" data-end=\"1082\">Produkt obejmuje <strong data-start=\"1019\" data-end=\"1048\">1 tur\u0119 zmian po wdro\u017ceniu<\/strong> (np. drobne poprawki w tre\u015bci).<\/p>\n<\/li>\n<li data-start=\"1083\" data-end=\"1138\">\n<p data-start=\"1085\" data-end=\"1138\">Dalszy rozw\u00f3j lub rozbudowa strony = osobna oferta.<\/p>\n<\/li>\n<\/ul>\n","protected":false},"excerpt":{"rendered":"<p>Gotowa strona internetowa \u2013 w pe\u0142ni skonfigurowana, responsywna i od razu gotowa do dzia\u0142ania. Unikalne tre\u015bci startowe \u2013 ju\u017c wdro\u017cone na stronie (mo\u017cesz je zostawi\u0107 lub podmieni\u0107 na w\u0142asne). 1 rok hostingu \u2013 szybki i bezpieczny serwer w naszej infrastrukturze. Certyfikat SSL (1 rok) \u2013 aktywne zabezpieczenie strony (https). Pe\u0142en dost\u0119p administracyjny \u2013 loginy i [&hellip;]<\/p>\n","protected":false},"featured_media":535,"comment_status":"open","ping_status":"closed","template":"","meta":{"site-container-style":"default","site-container-layout":"default","site-sidebar-layout":"default","site-transparent-header":"default","disable-article-header":"default","disable-site-header":"default","disable-site-footer":"default","disable-content-area-spacing":"default"},"product_brand":[],"product_cat":[18],"product_tag":[],"class_list":{"0":"post-193","1":"product","2":"type-product","3":"status-publish","4":"has-post-thumbnail","6":"product_cat-websitehost","8":"first","9":"instock","10":"shipping-taxable","11":"product-type-simple"},"_links":{"self":[{"href":"https:\/\/shop.hedolph.com\/index.php?rest_route=\/wp\/v2\/product\/193","targetHints":{"allow":["GET"]}}],"collection":[{"href":"https:\/\/shop.hedolph.com\/index.php?rest_route=\/wp\/v2\/product"}],"about":[{"href":"https:\/\/shop.hedolph.com\/index.php?rest_route=\/wp\/v2\/types\/product"}],"replies":[{"embeddable":true,"href":"https:\/\/shop.hedolph.com\/index.php?rest_route=%2Fwp%2Fv2%2Fcomments&post=193"}],"wp:featuredmedia":[{"embeddable":true,"href":"https:\/\/shop.hedolph.com\/index.php?rest_route=\/wp\/v2\/media\/535"}],"wp:attachment":[{"href":"https:\/\/shop.hedolph.com\/index.php?rest_route=%2Fwp%2Fv2%2Fmedia&parent=193"}],"wp:term":[{"taxonomy":"product_brand","embeddable":true,"href":"https:\/\/shop.hedolph.com\/index.php?rest_route=%2Fwp%2Fv2%2Fproduct_brand&post=193"},{"taxonomy":"product_cat","embeddable":true,"href":"https:\/\/shop.hedolph.com\/index.php?rest_route=%2Fwp%2Fv2%2Fproduct_cat&post=193"},{"taxonomy":"product_tag","embeddable":true,"href":"https:\/\/shop.hedolph.com\/index.php?rest_route=%2Fwp%2Fv2%2Fproduct_tag&post=193"}],"curies":[{"name":"wp","href":"https:\/\/api.w.org\/{rel}","templated":true}]}}